 remainder when w is divided by r(2)?
3
Let s = -1529 - -1635. What is the remainder when 192 is divided by s?
86
Let d = 332 + -312. Calculate the remainder when d is divided by 3.
2
What is the remainder when -1*3 + 91 + -6 is divided by 4?
2
Let m = -3 - -1. Suppose -5*v + 34 = -u - v, -4*u = 5*v + 241. Calculate the remainder when u/4*m*1 is divided by 15.
12
Suppose 2*p - q = -2*p + 5, 5*q = 15. Calculate the remainder when -1 + (-3 + 2)*80/(-16) is divided by p + (-2 - 2*-1).
0
Let l = -505 + 574. Let c be ((-36)/30)/((-2)/(-10)). Calculate the remainder when l is divided by 2/(-3) - 148/c.
21
Let q be ((-84)/(-98))/((-2)/(-14)). What is the remainder when 36 is divided by (-39)/26*(-76)/q?
17
Let h = 36 - 25. Let o = 39 + -36. Suppose -o*i + 2*g = -82, i - g = g + 22. Calculate the remainder when i is divided by h.
8
Suppose -j - 5*f - 18 = 0, -f + 1 = -2*j + 9. Suppose 0 = j*b - 7*b - 35. Let s(z) = -z**3 - 8*z**2 - 9*z - 1. What is the remainder when s(b) is divided by 8?
5
Let o(y) = -y**2 + 39*y + 180. Suppose 3*h = z - 21, 7*h - 3*h - 72 = -2*z. Calculate the remainder when z is divided by o(43).
6
Let o(i) be the third derivative of -i**4/4 - 2*i**3/3 + 3*i**2. Let s = 60 - 22. Calculate the remainder when s is divided by o(-3).
10
Suppose 7 = -10*n + 5*n + 3*r, -3*n + 2*r - 5 = 0. Calculate the remainder when 3 is divided by n.
0
Suppose -5*c + 2*c + 3*v + 6 = 0, -4*c - 2*v = -20. Calculate the remainder when 81 is divided by 30/2 - (-5)/(-20)*c.
11
Suppose 9*k - 5*b - 679 = 7*k, 2*k = -b + 697. What is the remainder when k is divided by 10?
7
Let p(k) be the third derivative of -k**4/8 + 55*k**2. Let s be 0 + -2*4/1. Calculate the remainder when 47 is divided by p(s).
23
Let w = 0 - 17. Let d = 21 - 14. Let j = d - w. Calculate the remainder when j is divided by 14.
10
Suppose 2*k - 81 = -b - 0*k, -3*k = 2*b - 165. Calculate the remainder when b is divided by 9.
6
Suppose -2*n = 3*x - 76, 61*n - 66*n - 2*x + 179 = 0. What is the remainder when 48 is divided by n?
13
What is the remainder when 429 is divided by 50/125 + 36/10?
1
Let l = 9 - 6. Let b = -37 - -41. Calculate the remainder when b is divided by l.
1
Suppose 0 = -5*y + 2*a + 8, -6*y + 4*y + 1 = -3*a. What is the remainder when (-1 + -416)*y/(-6) is divided by 35?
34
What is the remainder when 233 is divided by (22 - 26)*2*34/(-8)?
29
Suppose -x = -3*y - 890, 691 = -2*y - 3*x + 83. Let d = y + 504. What is the remainder when d is divided by 16?
14
Suppose k - 21 = -s, -5*s = 3*k - 94 + 35. Calculate the remainder when (4 - 6 - (-1 + 3)) + 48 is divided by k.
21
Let m = 37 - 8. Suppose 36 + 49 = -5*t. Let c = t + 32. What is the remainder when m is divided by c?
14
Let r = 102 + -51. Let l = r + -6. What is the remainder when l is divided by 12?
9
Suppose 4*z + 12 = 28. Let d be (8/16)/(2/z). Calculate the remainder when 1 + (2 - d - -5) is divided by 5.
2
What is the remainder when (1 - 150/8)/((-3)/168) is divided by 12?
10
Let h(j) = 2*j**2 - 39*j + 20. What is the remainder when 1/(0 - 1/(-197)) is divided by h(20)?
37
Suppose 2*y + 3*w + 70 = w, 5*y - 2*w = -140. Let v = y + 152. Calculate the remainder when v is divided by 31.
29
Let s be 1090/30 + (-2)/(-3). Let l = s - 7. Calculate the remainder when l is divided by 9.
3
Suppose 2142 = -0*l + 9*l. Calculate the remainder when l is divided by 48.
46
Let k(i) = -13*i**2 - 17*i + 9. Let y(p) = 6*p**2 + 9*p - 5. Let u(g) = 3*k(g) + 7*y(g). Calculate the remainder when u(5) is divided by 32.
31
Let k(q) = -q**3 + q**2 - q + 1. Let x be k(1). Suppose -5*n + 20 + 15 = x. What is the remainder when 36 is divided by (n/(-14))/((-1)/38)?
17
Let a = 1191 + -599. Let b = a + -297. Suppose -3*h - b = -5*t, h - 67 = -0*t - t. Calculate the remainder when t is divided by 32.
30
Suppose 35*j - 37492 = 9*j. Calculate the remainder when j is divided by 76.
74
Suppose 3*h = 13 - 4. Let x(u) = -u**3 + 5*u**2 - 8*u + 9. Calculate the remainder when h is divided by x(3).
0
What is the remainder when 375 is divided by (6/4)/(-2 - (-290)/140)?
18
Let o(a) = a**3 + 13*a**2 + 35*a + 13. Calculate the remainder when 37 is divided by o(-9).
15
Suppose 3*i - 3*z - 42 = 309, -3*z + 117 = i. Calculate the remainder when i is divided by ((-8)/6)/((-2)/45).
27
Let t be (-40)/(-8) + 6/(-2). Suppose t*b + c - 347 = 0, -4*b + c + 700 = 5*c. Calculate the remainder when b is divided by 35.
32
Let v(f) = 3 - 4 + 1 + 3*f - 1. Let b be v(1). Suppose -2*c + 50 = 2*c - b*l, 3*c - 4*l - 35 = 0. Calculate the remainder when 63 is divided by c.
11
Suppose -z - 2 = -4*j + 13, 3*j = 3*z + 18. Suppose 0 = -j*b - 2*b. Suppose b = -5*t + 2 + 63. What is the remainder when t is divided by 7?
6
Let l = -601 - -614. What is the remainder when 89 is divided by l?
11
Let d(a) = -a**3 - 20*a**2 - 35*a + 173. Calculate the remainder when d(-18) is divided by 35.
15
Let c = -75 + 47. Let q = -22 - c. Calculate the remainder when 17 is divided by q.
5
Suppose -5*r - 33 + 48 = 0. Suppose r*g - 9 - 24 = 0. What is the remainder when 15 is divided by g?
4
Suppose -4*v - 4*i + 0*i + 1196 = 0, -1226 = -4*v + 2*i. Suppose 3*l - 351 = 3*p, -2*l + v = -5*p + 70. Calculate the remainder when l is divided by 24.
21
Suppose 0 = 8*f - 9*f - 4*q - 3, 2*f = 5*q + 20. Calculate the remainder when 208 is divided by f.
3
Suppose 0 = 4*o - 5*o - 5*t - 3, 4*o - 6 = -2*t. Calculate the remainder when -3*(-1)/o*(64 + -6) is divided by 11.
10
Suppose 539 = -9*f + 16*f. Calculate the remainder when f is divided by 57.
20
Suppose -2*p + 109 - 14 = k, -4*k + 37 = p. Suppose -27 - p = -4*c. Calculate the remainder when 73 is divided by c.
16
Let n be (-1 - -2)*-1 - -1. Suppose -2*l + 27 = -5*i, 6*l - 41 = 2*l - 3*i. Suppose -4*o + l + 21 = n. What is the remainder when 22 is divided by o?
6
Let y = 603 - 211. Calculate the remainder when y is divided by 4.
0
Let v be ((-3)/(-2))/((-3)/(-4)). Let k = v + 16. What is the remainder when 32 is divided by k?
14
Suppose -3*t - t + 104 = 0. Calculate the remainder when t is divided by ((-14)/12)/((-6)/(-4)*(-56)/504).
5
Suppose 5*r - 5*i = 648 - 313, -323 = -5*r + 2*i. Let j = -6 + 19. Calculate the remainder when r is divided by j.
11
Let h = 9 + -4. Suppose -c + 56 = k, -92 = 16*c - 17*c - 5*k. Calculate the remainder when c is divided by h.
2
Let i = 183 - 162. Calculate the remainder when 59 is divided by i.
17
Let a be (-2)/(-12) - 3311/(-42). Let v = a + -65. What is the remainder when (24/(-5))/(1/(-5)) is divided by v?
10
Let v(z) = 3*z - 58. What is the remainder when v(33) is divided by 22?
19
Suppose -308 = -6*r + 118. What is the remainder when 85 is divided by r?
14
Let h be 45 + 5 + (-4)/2. Let j = -38 + h. What is the remainder when 18 is divided by j?
8
Let a(j) = 9*j - 204. Let r = -68 + 96. What is the remainder when a(28) is divided by r?
20
What is the remainder when 193 is divided by 9/(-6) + 7 + 63/18?
4
Suppose -3*n - 15 = 0, 0*n = 3*m + n - 10. Calculate the remainder when 88 is divided by m.
3
Let j = 373 - 338. Calculate the remainder when 171 is divided by j.
31
Let w = 5 + -30. Let r = -21 - w. Calculate the remainder when 14 is divided by r.
2
Suppose 0 = 3*o + 4*o - 231. Let k = o + -27. Let b(f) = -f**3 - 4*f**2 + 9*f + 5. Calculate the remainder when b(-6) is divided by k.
5
Let y = 680 - 675. Suppose -3*p = p - 4. Let w(l) = 20*l - 1. Calculate the remainder when w(p) is divided by y.
4
Let x = 132 - 75. Calculate the remainder when x is divided by (-720)/(-35) - 12/21.
17
Suppose 0 = 2*t - 6, -r - 2*r - t = -339. Suppose -r + 520 = 8*y. What is the remainder when y is divided by 21?
9
Let a = 18 + -26. Let l be 604/16 + (-2)/a. Suppose -4*z + 192 = -4*d, 2*z + d = z + l. What is the remainder when z is divided by 15?
13
Suppose 4*x - 1 - 23 = 0. Suppose -3*n + 5*n - x = 0. Suppose -100 = -n*c + 5*b, -7*b - 25 = -2*b. What is the remainder when c is divided by 9?
7
Let v(l) = l**2 + 3*l + 6. What is the remainder when v(-8) is divided by 12?
10
Let s(d) = -d**2 - 7*d - 8. Let w be s(-5). Calculate the remainder when 30 is divided by 20 - -1 - (5 - w).
12
Suppose -4*a = 2*v - 104, -17*v = -5*a - 13*v + 130. Calculate the remainder when 64 is divided by a.
12
Let v(w) = -w**3 - 2*w**2 + 2*w + 11. Calculate the remaind